{"id":29,"date":"2024-06-19T22:46:41","date_gmt":"2024-06-19T22:46:41","guid":{"rendered":"http:\/\/futurohabitable.es\/?page_id=29"},"modified":"2025-01-20T09:52:45","modified_gmt":"2025-01-20T09:52:45","slug":"como-participar","status":"publish","type":"page","link":"http:\/\/futurohabitable.es\/","title":{"rendered":"PRESENTACI\u00d3N"},"content":{"rendered":"\r\n\r\n\r\n<p style=\"text-align: justify;\"><span style=\"font-weight: 400; font-family: georgia, palatino, serif; color: #000000; font-size: 10pt;\">Futuro Habitable es una asociaci\u00f3n ubicada en Espa\u00f1a que promueve un modelo de cesi\u00f3n de uso de viviendas que deber\u00e1n transmitirse a los cesionarios, mediante un r\u00e9gimen de cesi\u00f3n de uso de duraci\u00f3n indefinida. El modelo jur\u00eddico a implantar variar\u00e1 en funci\u00f3n de las circunstancias que se presenten en cada caso.<\/span><\/p>\r\n<p style=\"text-align: justify;\"><span style=\"font-family: georgia, palatino, serif; color: #000000; font-size: 10pt;\"><span style=\"font-weight: 400;\">La idea es que <\/span><span style=\"font-weight: 400;\">\u00a0las casas nunca pueden volver a entrar en el mercado, de manera que el n\u00famero de casas con este sistema aumente\u00a0 cada vez m\u00e1s. Futuro Habitable pretende ofrecer un modelo interesante para las personas que no quieren especular con bienes inmuebles, sino que simplemente quieren un lugar asequible para vivir. Los residentes est\u00e1n a medio camino entre propietarios e inquilinos; como propietarios, tienen derecho a decidir qu\u00e9 pasa con su casa y qui\u00e9n se muda a ella, como\u00a0 inquilinos, pagan un alquiler mensual (inferior al precio de mercado) y se comprometen a no vender. Es importante que te des cuenta de que, una vez que tu casa forme parte del <\/span><span style=\"font-weight: 400;\">sistema de cesi\u00f3n de uso implantado<\/span><span style=\"font-weight: 400;\">, nunca se podr\u00e1 vender, y no recuperar\u00edas el alquiler que pagas, pero tendr\u00edas la seguridad de que tu alquiler no aumentar\u00eda nunca por el capricho del propietario.<\/span><\/span><\/p>\r\n<p style=\"text-align: justify;\"><span style=\"font-weight: 400; font-family: georgia, palatino, serif; color: #000000; font-size: 10pt;\">El sistema de cesi\u00f3n de uso que funciona ya en muchas partes del mundo y dentro de la pen\u00ednsula ib\u00e9rica principalmente en Catalu\u00f1a, va mucho m\u00e1s all\u00e1 de la concepci\u00f3n cl\u00e1sica de la propiedad y tambi\u00e9n del arrendamiento. De entrada es dif\u00edcil de entender y asimilar para cualquier persona nacida en un pa\u00eds occidental, pero dado el grave problema de vivienda que se produce actualmente en muchas partes del mundo, es una posible soluci\u00f3n al mismo, m\u00e1s all\u00e1 de las posibles pol\u00edticas que gobiernos y administraciones de todo tipo les gustar\u00eda implantar pero que tienes que bregar con grupos de poder e influencia para poderlas llevar a cabo. Solo hace falta un grupo de personas dispuestas a emplear una parte de su tiempo y recursos para poder autogenerar un modelo de vida totalmente sustentable.<\/span><\/p>\r\n<p style=\"text-align: justify;\"><span style=\"font-family: georgia, palatino, serif; color: #000000; font-size: 10pt;\">\r\n\r\n<\/span><\/p>\r\n<p style=\"text-align: justify;\"><span style=\"font-weight: 400; font-family: georgia, palatino, serif; color: #000000; font-size: 10pt;\">Futuro Habitable naci\u00f3 en el seno de The Foundry (<a style=\"color: #000000;\" href=\"https:\/\/bravosfoundry.com\/\">https:\/\/bravosfoundry.com\/<\/a>) en Bravos, Concello de Ourol, Galicia, y cuenta con la colaboraci\u00f3n y asesoramiento de Despacho (<a style=\"color: #000000;\" href=\"http:\/\/despacho.eu\">despacho.eu<\/a>).<\/span><\/p>\r\n","protected":false},"excerpt":{"rendered":"<p>Futuro Habitable es una asociaci\u00f3n ubicada en Espa\u00f1a que promueve un modelo de cesi\u00f3n de uso de viviendas que deber\u00e1n transmitirse a los cesionarios, mediante un r\u00e9gimen de cesi\u00f3n de uso de duraci\u00f3n indefinida. El modelo jur\u00eddico a implantar variar\u00e1 en funci\u00f3n de las circunstancias que se presenten en cada caso. La idea es que [&hellip;]<\/p>\n","protected":false},"author":1,"featured_media":0,"parent":0,"menu_order":0,"comment_status":"closed","ping_status":"closed","template":"","meta":{"footnotes":""},"class_list":["post-29","page","type-page","status-publish","hentry"],"_links":{"self":[{"href":"http:\/\/futurohabitable.es\/index.php?rest_route=\/wp\/v2\/pages\/29","targetHints":{"allow":["GET"]}}],"collection":[{"href":"http:\/\/futurohabitable.es\/index.php?rest_route=\/wp\/v2\/pages"}],"about":[{"href":"http:\/\/futurohabitable.es\/index.php?rest_route=\/wp\/v2\/types\/page"}],"author":[{"embeddable":true,"href":"http:\/\/futurohabitable.es\/index.php?rest_route=\/wp\/v2\/users\/1"}],"replies":[{"embeddable":true,"href":"http:\/\/futurohabitable.es\/index.php?rest_route=%2Fwp%2Fv2%2Fcomments&post=29"}],"version-history":[{"count":6,"href":"http:\/\/futurohabitable.es\/index.php?rest_route=\/wp\/v2\/pages\/29\/revisions"}],"predecessor-version":[{"id":198,"href":"http:\/\/futurohabitable.es\/index.php?rest_route=\/wp\/v2\/pages\/29\/revisions\/198"}],"wp:attachment":[{"href":"http:\/\/futurohabitable.es\/index.php?rest_route=%2Fwp%2Fv2%2Fmedia&parent=29"}],"curies":[{"name":"wp","href":"https:\/\/api.w.org\/{rel}","templated":true}]}}